est common factor of 10 and 3557035940?
10
What is the highest common divisor of 75079004 and 22?
22
Calculate the highest common divisor of 1082880 and 4813740.
8460
What is the greatest common divisor of 221 and 1712138?
17
Calculate the highest common factor of 696 and 79338200.
232
What is the highest common divisor of 268 and 4225489?
67
Calculate the highest common divisor of 273 and 3656549.
13
Calculate the greatest common factor of 1133484 and 5817.
831
What is the highest common factor of 485469304 and 4?
4
Calculate the highest common factor of 2826 and 29952.
18
Calculate the greatest common factor of 14080 and 47257056.
352
What is the highest common factor of 599856807 and 66?
33
Calculate the greatest common factor of 6270024 and 216.
24
What is the highest common divisor of 45703864 and 40?
8
What is the greatest common factor of 1719460682 and 3638?
3638
Calculate the highest common divisor of 3540643 and 69.
23
What is the greatest common divisor of 11889826 and 507?
169
What is the highest common factor of 37674 and 3067974?
1638
What is the greatest common divisor of 5960240 and 13104?
208
Calculate the greatest common divisor of 164 and 2404162.
2
Calculate the greatest common divisor of 425889900 and 225.
225
Calculate the greatest common divisor of 3438 and 33299322.
1146
Calculate the highest common divisor of 227303575 and 75.
25
Calculate the highest common factor of 1719946 and 14.
2
What is the highest common factor of 260611 and 767?
13
Calculate the highest common divisor of 121862 and 2972762.
1118
Calculate the highest common factor of 78 and 7424313.
39
What is the highest common divisor of 9522435 and 30?
15
What is the greatest common factor of 31 and 117698909?
31
What is the highest common divisor of 110196151 and 8282?
4141
Calculate the greatest common factor of 4496 and 72213628.
1124
Calculate the greatest common factor of 3025 and 30558825.
275
What is the greatest common divisor of 206668 and 190564?
2684
What is the highest common factor of 11511 and 14049?
9
What is the highest common factor of 64 and 6848376256?
64
Calculate the greatest common divisor of 12 and 98324844.
12
What is the highest common factor of 39869622 and 702?
234
Calculate the greatest common divisor of 1350 and 153198.
54
Calculate the highest common divisor of 167633496 and 916.
916
What is the greatest common divisor of 2014 and 999856342?
2014
Calculate the highest common divisor of 202611932 and 991.
991
Calculate the highest common divisor of 1770351530 and 7022.
7022
What is the highest common divisor of 782796 and 518?
14
Calculate the greatest common factor of 4836 and 5777811.
1209
Calculate the highest common divisor of 1301647 and 2147.
113
Calculate the highest common factor of 4593309 and 357.
21
What is the greatest common factor of 44826 and 123783?
93
What is the greatest common factor of 6347529 and 186?
93
What is the greatest common divisor of 6 and 124255239?
3
What is the highest common divisor of 987740375 and 425?
425
Calculate the greatest common divisor of 1756865230 and 10.
10
Calculate the highest common factor of 24196063 and 38.
19
What is the highest common divisor of 268080 and 23209026?
6702
What is the highest common factor of 551214214 and 188?
94
What is the greatest common divisor of 44863 and 1010191?
1547
What is the greatest common divisor of 165981 and 236727?
2721
What is the greatest common factor of 4644659 and 6551?
6551
Calculate the greatest common divisor of 108 and 620004294.
54
What is the highest common divisor of 1094 and 14223094?
1094
What is the greatest common divisor of 28209810 and 30?
30
What is the greatest common factor of 21 and 16112299?
7
Calculate the highest common divisor of 504 and 9623880.
504
Calculate the greatest common factor of 49358 and 1909.
23
What is the greatest common factor of 224 and 40516624?
16
What is the highest common divisor of 981 and 29961?
9
What is the greatest common divisor of 13772 and 796?
4
What is the highest common factor of 47514395 and 4780?
1195
What is the highest common factor of 64038 and 1443318?
4926
Calculate the greatest common divisor of 16177180 and 10.
10
Calculate the highest common divisor of 516930 and 23610.
30
Calculate the greatest common divisor of 56666148 and 484.
44
What is the greatest common divisor of 174 and 36588198?
174
What is the highest common factor of 275 and 30449925?
275
What is the highest common factor of 3264 and 906627?
51
Calculate the greatest common divisor of 761206 and 492.
82
Calculate the highest common factor of 32 and 279264.
32
Calculate the greatest common factor of 176 and 132213488.
176
What is the greatest common divisor of 30728 and 851032?
1336
What is the greatest common divisor of 63549 and 1357?
23
What is the highest common factor of 5504 and 1701856?
32
What is the greatest common divisor of 14156437 and 232?
29
What is the highest common divisor of 7 and 2262078?
7
Calculate the greatest common divisor of 35664 and 10106286.
4458
What is the highest common divisor of 1348 and 15491553?
337
Calculate the greatest common divisor of 3204045 and 17680.
65
What is the greatest common divisor of 11092 and 180450202?
5546
What is the greatest common factor of 2958 and 286317?
87
What is the greatest common factor of 6880588 and 1924?
52
Calculate the greatest common divisor of 30 and 415369290.
30
Calculate the highest common divisor of 24537901 and 423.
47
What is the highest common factor of 24857 and 670201?
469
Calculate the highest common divisor of 117 and 63808929.
9
Calculate the highest common factor of 49094720 and 96.
32
Calculate the greatest common divisor of 41292 and 3992707.
1147
What is the highest common factor of 47739582 and 230?
46
Calculate the greatest common factor of 5973352 and 28336.
616
What is the highest common factor of 2490 and 2549370?
30
Calculate the highest common divisor of 40685 and 142655.
515
What is the greatest common factor of 936217852 and 184?
92
Calculate the greatest common factor of 3777 and 310973.
1259
What is the highest common factor of 26398 and 33634?
134
What is the greatest common divisor of 32 and 18213716?
4
What is the greatest common factor of 20665 and 91219443?
4133
What is the greatest common divisor of 29238 and 1124508?
66
Calculate the highest common divisor of 671 and 554812324.
671
Calculate the highest common factor of 996282981 and 6543.
6543
Calculate the greatest common factor of 6533128 and 8344.
56
Calculate the highest common divisor of 44 and 15981911.
11
What is the highest common factor of 3647 and 3031?
7
Calculate the greatest common factor of 62084 and 925463.
187
Calculate the highest common factor of 4066 and 27748417.
2033
What is the greatest common divisor of 23897 and 41751176?
1039
Calculate the highest common divisor of 63 and 41799387.
21
What is the greatest common divisor of 99684601 and 4714?
2357
Calculate the greatest common factor of 811 and 64126581.
811
Calculate the greatest common divisor of 784606973 and 1361.
1361
Calculate the highest common divisor of 248 and 2255209328.
248
Calculate the greatest common factor of 4588336 and 176.
16
Calculate the highest common divisor of 197172 and 30000.
12
Calculate the highest common factor of 34 and 5365642.
34
What is the greatest common divisor of 10311894 and 2444?
94
What is the greatest common divisor of 814386 and 522?
6
What is the greatest common divisor of 248 and 2663080792?
248
Calculate the greatest common divisor of 2048379 and 187458.
471
Calculate the highest common divisor of 1463 and 9131353.
77
What is the greatest common divisor of 1101094425 and 81?
27
What is the greatest common divisor of 2642 and 12608945?
1321
What is the highest common factor of 38640 and 399050736?
7728
Calculate the highest common divisor of 932859 and 18.
9
Calculate the highest common factor of 289 and 881790.
17
Calculate the greatest common factor of 24763532 and 60356.
764
What is the highest common factor of 10224 and 11841948?
2556
What is the greatest common divisor of 6026892 and 178782?
2154
What is the highest common factor of 56240920 and 10?
10
Calculate the greatest common divisor of 46 and 2377119253.
23
What is the highest